9869 is divided by 70.
69
Calculate the remainder when 1656 is divided by 62.
44
Calculate the remainder when 11052 is divided by 165.
162
Calculate the remainder when 8275 is divided by 92.
87
What is the remainder when 434 is divided by 20?
14
Calculate the remainder when 2357 is divided by 6.
5
What is the remainder when 68 is divided by 21?
5
What is the remainder when 2549 is divided by 111?
107
Calculate the remainder when 300 is divided by 264.
36
Calculate the remainder when 170 is divided by 2.
0
What is the remainder when 177 is divided by 13?
8
What is the remainder when 117 is divided by 30?
27
Calculate the remainder when 875 is divided by 9.
2
Calculate the remainder when 167 is divided by 86.
81
Calculate the remainder when 41 is divided by 14.
13
What is the remainder when 111 is divided by 41?
29
What is the remainder when 206 is divided by 85?
36
Calculate the remainder when 847 is divided by 9.
1
What is the remainder when 137 is divided by 33?
5
What is the remainder when 21 is divided by 8?
5
What is the remainder when 14097 is divided by 150?
147
What is the remainder when 13 is divided by 1?
0
Calculate the remainder when 236 is divided by 79.
78
What is the remainder when 592 is divided by 99?
97
Calculate the remainder when 816 is divided by 21.
18
What is the remainder when 502 is divided by 303?
199
Calculate the remainder when 46 is divided by 17.
12
Calculate the remainder when 49877 is divided by 326.
325
What is the remainder when 1155 is divided by 284?
19
What is the remainder when 3715 is divided by 62?
57
Calculate the remainder when 1149 is divided by 25.
24
What is the remainder when 1145 is divided by 31?
29
What is the remainder when 722 is divided by 704?
18
Calculate the remainder when 462 is divided by 13.
7
Calculate the remainder when 762 is divided by 5.
2
Calculate the remainder when 695 is divided by 135.
20
Calculate the remainder when 220 is divided by 75.
70
Calculate the remainder when 4857 is divided by 113.
111
What is the remainder when 7319 is divided by 366?
365
Calculate the remainder when 57 is divided by 14.
1
What is the remainder when 514 is divided by 123?
22
What is the remainder when 4536 is divided by 239?
234
Calculate the remainder when 191 is divided by 23.
7
Calculate the remainder when 135 is divided by 34.
33
What is the remainder when 43 is divided by 29?
14
What is the remainder when 47 is divided by 29?
18
Calculate the remainder when 2110 is divided by 66.
64
Calculate the remainder when 81 is divided by 42.
39
What is the remainder when 95 is divided by 10?
5
What is the remainder when 4275 is divided by 46?
43
What is the remainder when 4891 is divided by 7?
5
What is the remainder when 175 is divided by 1?
0
What is the remainder when 68 is divided by 5?
3
Calculate the remainder when 672 is divided by 66.
12
Calculate the remainder when 58 is divided by 21.
16
Calculate the remainder when 47 is divided by 36.
11
Calculate the remainder when 302 is divided by 88.
38
Calculate the remainder when 118 is divided by 11.
8
What is the remainder when 68 is divided by 18?
14
Calculate the remainder when 5224 is divided by 209.
208
Calculate the remainder when 6228 is divided by 164.
160
What is the remainder when 826 is divided by 208?
202
What is the remainder when 29913 is divided by 54?
51
Calculate the remainder when 1227 is divided by 82.
79
What is the remainder when 726 is divided by 152?
118
Calculate the remainder when 5995 is divided by 21.
10
Calculate the remainder when 477 is divided by 30.
27
What is the remainder when 1427 is divided by 561?
305
Calculate the remainder when 229 is divided by 52.
21
Calculate the remainder when 271 is divided by 37.
12
Calculate the remainder when 652 is divided by 20.
12
Calculate the remainder when 14 is divided by 4.
2
Calculate the remainder when 6068 is divided by 132.
128
Calculate the remainder when 82 is divided by 3.
1
What is the remainder when 1257 is divided by 105?
102
Calculate the remainder when 1256 is divided by 34.
32
Calculate the remainder when 3936 is divided by 7.
2
What is the remainder when 1310 is divided by 41?
39
What is the remainder when 50 is divided by 42?
8
What is the remainder when 5191 is divided by 53?
50
What is the remainder when 124 is divided by 12?
4
What is the remainder when 7820 is divided by 11?
10
What is the remainder when 144 is divided by 132?
12
Calculate the remainder when 20 is divided by 8.
4
Calculate the remainder when 654 is divided by 44.
38
Calculate the remainder when 9875 is divided by 76.
71
What is the remainder when 12110 is divided by 13?
7
Calculate the remainder when 456 is divided by 33.
27
Calculate the remainder when 6465 is divided by 196.
193
Calculate the remainder when 82 is divided by 17.
14
Calculate the remainder when 3193 is divided by 200.
193
Calculate the remainder when 161 is divided by 144.
17
What is the remainder when 177 is divided by 45?
42
Calculate the remainder when 3156 is divided by 522.
24
Calculate the remainder when 89 is divided by 84.
5
Calculate the remainder when 1208 is divided by 93.
92
What is the remainder when 761 is divided by 98?
75
What is the remainder when 4348 is divided by 68?
64
Calculate the remainder when 16354 is divided by 123.
118
What is the remainder when 107 is divided by 51?
5
What is the remainder when 666 is divided by 44?
6
Calculate the remainder when 160 is divided by 18.
16
What is the remainder when 131 is divided by 35?
26
Calculate the remainder when 494 is divided by 7.
4
What is the remainder when 878 is divided by 15?
8
Calculate the remainder when 283 is divided by 72.
67
Calculate the remainder when 371 is divided by 12.
11
What is the remainder when 247 is divided by 10?
7
What is the remainder when 645 is divided by 17?
16
Calculate the remainder when 52 is divided by 11.
8
What is the remainder when 4413 is divided by 4400?
13
What is the remainder when 232 is divided by 18?
16
What is the remainder when 129 is divided by 52?
25
Calculate the remainder when 3535 is divided by 13.
12
What is the remainder when 436 is divided by 11?
7
Calculate the remainder when 117 is divided by 17.
15
What is the remainder when 4075 is divided by 240?
235
Calculate the remainder when 868 is divided by 40.
28
Calculate the remainder when 156 is divided by 20.
16
What is the remainder when 1100 is divided by 28?
8
What is the remainder when 8111 is divided by 13?
12
What is the remainder when 1550 is divided by 21?
17
What is the remainder when 894 is divided by 172?
34
What is the remainder when 400 is divided by 125?
25
What is the remainder when 767 is divided by 81?
38
Calculate the remainder when 195 is divided by 51.
42
Calculate the remainder when 2821 is divided by 28.
21
What is the remainder when 451 is divided by 7?
3
What is the remainder when 933 is divided by 78?
75
What is the remainder when 268 is divided by 55?
48
Calculate the remainder when 207 is divided by 54.
45
Calculate the remainder when 147 is divided by 31.
23
What is the remainder when 467 is divided by 223?
21
What is the remainder when 218 is divided by 29?
15
What is the remainder when 1142 is divided by 118?
80
What is the remainder when 19 is divided by 10?
9
Calculate the remainder when 1431 is divided by 202.
17
What is the remainder when 2126 is divided by 28?
26
Calculate the remainder when 1234 is divided by 64.
18
What is the remainder when 183 is divided by 38?
31
Calculate the remainder when 84 is divided by 29.
26
What is the remainder when 486 is divided by 122?
120
What is the remainder when 942 is divided by 33?
18
Calculate the remainder when 5033 is divided by 69.
65
What is the remainder when 80 is divided by 35?
10
Calculate the remainder when 2129 is divided by 82.
79
What is the remainder when 1143 is divided by 3?
0
What is the remainder when 1894 is divided by 6?
4
Calculate the remainder when 4279 is divided by 21.
16
What is the remainder when 762 is divided by 184?
26
Calculate the remainder when 520 is divided by 58.
56
What is the remainder when 18 is divided by 15?
3
Calculate the remainder when 81 is divided by 24.
9
Calculate the remainder when 236 is divided by 60.
56
What is the remainder when